of 311443925?
3
What is the tens digit of 452069788?
8
What is the hundreds digit of 1323833844?
8
What is the ten thousands digit of 302732499?
3
What is the hundred thousands digit of 28598300?
5
What is the hundreds digit of 389454110?
1
What is the hundred millions digit of 203193187?
2
What is the units digit of 64879940?
0
What is the tens digit of 5097616921?
2
What is the units digit of 17256137?
7
What is the hundreds digit of 56498766?
7
What is the ten millions digit of 461454344?
6
What is the thousands digit of 3188122761?
2
What is the hundred thousands digit of 158786211?
7
What is the ten thousands digit of 6156033659?
3
What is the hundred millions digit of 561777296?
5
What is the tens digit of 3483389140?
4
What is the ten millions digit of 1336376119?
3
What is the hundred millions digit of 468994000?
4
What is the ten thousands digit of 3103054729?
5
What is the hundred millions digit of 295037799?
2
What is the hundred millions digit of 1480654618?
4
What is the ten millions digit of 26938503?
2
What is the tens digit of 55030148?
4
What is the millions digit of 42230104?
2
What is the millions digit of 1244681914?
4
What is the ten millions digit of 116864059?
1
What is the ten millions digit of 77927721?
7
What is the hundred thousands digit of 67081655?
0
What is the thousands digit of 60593196?
3
What is the ten millions digit of 2369258673?
6
What is the tens digit of 406538185?
8
What is the ten millions digit of 4948696416?
4
What is the millions digit of 60931563?
0
What is the ten millions digit of 208345424?
0
What is the hundred millions digit of 1642978703?
6
What is the ten thousands digit of 732993484?
9
What is the hundreds digit of 373874557?
5
What is the ten thousands digit of 26013260?
1
What is the hundred thousands digit of 28232117?
2
What is the thousands digit of 31132622?
2
What is the units digit of 1472437136?
6
What is the tens digit of 19827460?
6
What is the tens digit of 595778644?
4
What is the thousands digit of 44874444?
4
What is the thousands digit of 65330739?
0
What is the hundreds digit of 96284647?
6
What is the hundreds digit of 27022577?
5
What is the millions digit of 5207525086?
7
What is the hundred thousands digit of 273088443?
0
What is the millions digit of 3426217258?
6
What is the hundred thousands digit of 190282175?
2
What is the tens digit of 121889772?
7
What is the thousands digit of 697561645?
1
What is the millions digit of 949687378?
9
What is the millions digit of 522372204?
2
What is the units digit of 690568016?
6
What is the hundred thousands digit of 429641456?
6
What is the hundreds digit of 13791941?
9
What is the tens digit of 1196529328?
2
What is the tens digit of 76901257?
5
What is the hundred thousands digit of 910127250?
1
What is the millions digit of 5148037?
5
What is the units digit of 165237914?
4
What is the tens digit of 273826124?
2
What is the ten millions digit of 781707266?
8
What is the hundred thousands digit of 73492842?
4
What is the hundreds digit of 44742949?
9
What is the thousands digit of 156341683?
1
What is the thousands digit of 103104198?
4
What is the units digit of 45898096?
6
What is the ten millions digit of 594497136?
9
What is the ten millions digit of 491015437?
9
What is the billions digit of 5445220726?
5
What is the hundred thousands digit of 5941924?
9
What is the ten thousands digit of 284700735?
0
What is the tens digit of 340963294?
9
What is the hundreds digit of 135377435?
4
What is the ten millions digit of 312473095?
1
What is the hundred thousands digit of 515711305?
7
What is the hundred thousands digit of 92155827?
1
What is the thousands digit of 49865382?
5
What is the ten thousands digit of 10662938?
6
What is the ten millions digit of 66751813?
6
What is the billions digit of 1514922526?
1
What is the hundreds digit of 42201866?
8
What is the ten thousands digit of 8364403691?
0
What is the hundreds digit of 1262503530?
5
What is the units digit of 1735163722?
2
What is the hundred thousands digit of 2641501457?
5
What is the hundred millions digit of 5682276148?
6
What is the ten thousands digit of 3149163015?
6
What is the hundreds digit of 41976249?
2
What is the hundred thousands digit of 73818594?
8
What is the hundred thousands digit of 1747539269?
5
What is the thousands digit of 20784303?
4
What is the hundred thousands digit of 1062685686?
6
What is the units digit of 145092272?
2
What is the hundred thousands digit of 99045508?
0
What is the hundreds digit of 79196527?
5
What is the thousands digit of 1028551133?
1
What is the units digit of 5945970?
0
What is the ten thousands digit of 509189188?
8
What is the ten millions digit of 137963963?
3
What is the tens digit of 246099950?
5
What is the ten millions digit of 164319024?
6
What is the hundred thousands digit of 4545990038?
9
What is the hundreds digit of 54460646?
6
What is the thousands digit of 160661382?
1
What is the ten thousands digit of 68514027?
1
What is the hundred thousands digit of 444080919?
0
What is the tens digit of 6929188790?
9
What is the hundreds digit of 580795966?
9
What is the hundred thousands digit of 7176817?
1
What is the units digit of 56652647?
7
What is the units digit of 317057487?
7
What is the units digit of 1663029149?
9
What is the tens digit of 232684305?
0
What is the hundred millions digit of 658484005?
6
What is the tens digit of 102408998?
9
What is the thousands digit of 531687169?
7
What is the ten millions digit of 4025121568?
2
What is the hundreds digit of 2045956720?
7
What is the hundred thousands digit of 819289734?
2
What is the hundred thousands digit of 114459680?
4
What is the tens digit of 441083593?
9
What is the thousands digit of 309898901?
8
What is the units digit of 287494009?
9
What is the millions digit of 608415421?
8
What is the units digit of 25528037?
7
What is the thousands digit of 1823709367?
9
What is the hundred millions digit of 1249967409?
2
What is the hundreds digit of 1127234650?
6
What is the hundred millions digit of 954948510?
9
What is the billions digit of 1146068429?
1
What is the ten millions digit of 1079484908?
7
What is the units digit of 2183550440?
0
What is the thousands digit of 4619747435?
7
What is the ten thousands digit of 2798819150?
1
What is the units digit of 2668966517?
7
What is the hundred thousands digit of 275599166?
5
What is the thousands digit of 118871123?
1
What is the tens digit of 2050936?
3
What is the units digit of 973196687?
7
What is the hundred millions digit of 1927471471?
9
What is the thousands digit of 36930943?
0
What is the hundreds digit of 72385427?
4
What is the thousands digit of 88275020?
5
What is the hundreds digit of 34947459?
4
What is the millions digit of 4851126619?
1
What is the hundred millions digit of 443139372?
4
What is the hundreds digit of 642028625?
6
What is the ten millions digit of 102862175?
0
What is the ten millions digit of 4099290566?
9
What is the ten millions digit of 276612474?
7
What is the thousands digit of 163828404?
8
What is the ten millions digit of 714026262?
1
What is the tens digit of 109672753?
5
What is the hundred millions digit of 684390443?
6
What is the hundred thousands digit of 35801173?
8
What is the ten thousands digit of 305616481?
1
What is the tens digit of 7669630?
3
What is the hundred millions digit of 264698414?
2
What is the units digit of 3872098961?
1
What is the millions digit of 1081712318?
1
What is the millions digit of 24180784?
4
What is the hundred thousands digit of 143349714?
3
What is the hundred thousands digit of 162357106?
3
What is the millions digit of 107592433?
7
What is the units digit of 82076015?
5
What is the ten millions digit of 75722262?
7
What is the thousands digit of 5008105521?
5
What is the millions digit of 284628119?
4
What is the tens digit of 75778468?
6
What is the millions digit of 579053458?
9
What is the tens digit of 726384804?
0
What is the ten thousands digit of 1726767866?
6
What is the hundreds digit of 5089733719?
7
What is the ten millions digit of 61945821?
6
What is the hundred thousands digit of 92939255?
9
What is the hundred thousands digit of 46513034?
5
What is the hundred thousands digit of 1373348129